{"id":11,"date":"2021-07-16T18:28:40","date_gmt":"2021-07-16T18:28:40","guid":{"rendered":"http:\/\/app.rcastellanos.cdmx.gob.mx\/irc\/administracion-finanzas\/?page_id=11"},"modified":"2022-08-01T22:13:38","modified_gmt":"2022-08-01T22:13:38","slug":"direccion-de-administracion-y-finanzas-2","status":"publish","type":"page","link":"http:\/\/app.rcastellanos.cdmx.gob.mx\/irc\/administracion-finanzas\/","title":{"rendered":"Direcci\u00f3n de Administraci\u00f3n y Finanzas"},"content":{"rendered":"\n<div class=\"wp-block-group alignwide licitaciones-portada has-background\" style=\"background-color:#ffffff\"><div class=\"wp-block-group__inner-container\">\n<h2 class=\"has-text-align-center\">Licitaci\u00f3n p\u00fablica<\/h2>\n\n\n\n<!-- licitaci\u00f3n publica opci\u00f3n 2 --> \n  <div class=\"container-fluid\">\n    <div class=\"row\">\n      <div class=\"col-12 col-sm-10 mx-auto pb-5 opacidad-oscuro\">\n        <a href=\"http:\/\/app.rcastellanos.cdmx.gob.mx\/irc\/administracion-finanzas\/licitacion-publica\/;\">\n          <img alt=\"\" src=\"http:\/\/app.rcastellanos.cdmx.gob.mx\/irc\/administracion-finanzas\/wp-content\/uploads\/sites\/2\/2021\/07\/licitaciones_publicas3.jpg\">\n          <div class=\"is-style-outline boton-licitaciones\">\n            <p class=\"wp-block-button__link\">Nacionales e internacionales<\/p>\n          <\/div>\n        <\/a>\n      <\/div>\n    <\/div>\n  <\/div>\n<\/div><\/div>\n\n\n\n<div class=\"wp-block-group alignwide quienes-somos-portada has-background\" style=\"background-color:#ffffff\"><div class=\"wp-block-group__inner-container\">\n<h2 class=\"has-text-align-center\">\u00bfQui\u00e9nes somos?<\/h2>\n\n\n\n<div class=\"container-fluid\">\n    <div class=\"row\">\n      <div class=\"col-12 col-sm-12 col-lg-6 rounded imagen\">\n      <\/div>\n      <div class=\"col-12 col-sm-12 col-lg-6\">\n        <div id=\"accordion\" class=\"shadow\">\n\n          <div class=\"card\">\n            <div class=\"card-header\" id=\"headingOne\">\n              <h3 class=\"mb-0\">\n                <button class=\"btn btn-link\" data-toggle=\"collapse\" data-target=\"#collapseOne\" aria-expanded=\"true\" aria-controls=\"collapseOne\">\n                  Misi\u00f3n\n                <\/button>\n              <\/h3>\n            <\/div>\n            <div id=\"collapseOne\" class=\"collapse show\" aria-labelledby=\"headingOne\" data-parent=\"#accordion\">\n              <div class=\"card-body\">\n                Administrar los recursos humanos, financieros y materiales, bajo los principios de: honestidad, austeridad, responsabilidad, transparencia, rendici\u00f3n de cuentas y cultura de la legalidad. Promoviendo el uso y aplicaci\u00f3n de los recursos con equidad en el contexto de respeto de los Derechos Humanos.\n              <\/div>\n            <\/div>\n          <\/div>\n\n          <div class=\"card\">\n            <div class=\"card-header\" id=\"headingTwo\">\n              <h3 class=\"mb-0\">\n                <button class=\"btn btn-link collapsed\" data-toggle=\"collapse\" data-target=\"#collapseTwo\" aria-expanded=\"false\" aria-controls=\"collapseTwo\">\n                  Visi\u00f3n\n                <\/button>\n              <\/h3>\n            <\/div>\n            <div id=\"collapseTwo\" class=\"collapse\" aria-labelledby=\"headingTwo\" data-parent=\"#accordion\">\n              <div class=\"card-body\">\n                Consolidar el uso de herramientas tecnol\u00f3gicas para eficientar los procesos,as\u00ed como, la <strong>innovaci\u00f3n<\/strong>, <strong>modernizaci\u00f3n<\/strong> y <strong>calidad<\/strong> de la Administraci\u00f3n.\n              <\/div>\n            <\/div>\n          <\/div>\n\n          <div class=\"card\">\n            <div class=\"card-header\" id=\"headingThree\">\n              <h3 class=\"mb-0\">\n                <button class=\"btn btn-link collapsed\" data-toggle=\"collapse\" data-target=\"#collapseThree\" aria-expanded=\"false\" aria-controls=\"collapseThree\">\n                  Valores\n                <\/button>\n              <\/h3>\n            <\/div>\n            <div id=\"collapseThree\" class=\"collapse\" aria-labelledby=\"headingThree\" data-parent=\"#accordion\">\n              <div class=\"card-body\">\n                <ul>\n                  <li>Honestidad<\/li>\n                  <li>Austeridad<\/li>\n                  <li>Responsabilidad<\/li>\n                  <li>Transparencia<\/li>\n                  <li>Rendici\u00f3n de cuentas<\/li>\n                  <li>Cultura de la legalidad<\/li>\n                <\/ul>\n              <\/div>\n            <\/div>\n          <\/div>\n        <\/div>\n      <\/div>\n    <\/div>\n  <\/div>\n\n\n\n<div class=\"wp-block-buttons alignwide is-content-justification-center\">\n<div class=\"wp-block-button is-style-outline\"><a class=\"wp-block-button__link\" href=\"http:\/\/app.rcastellanos.cdmx.gob.mx\/irc\/administracion-finanzas\/quienes-somos\/\">CONOCER M\u00c1S<\/a><\/div>\n<\/div>\n<\/div><\/div>\n\n\n\n<div class=\"wp-block-group alignwide dos-columnas-portada\"><div class=\"wp-block-group__inner-container\">\n<!-- Finanzas y Capital humano \/ Recursos materiales y Servicios generales (.dos-columnas-portada) -->\n  <div class=\"container-fluid\">\n    <div class=\"row\">\n      <div class=\"col-12 col-md-6\">\n        <div class=\"grupo\">\n          <h2>Finanzas y Capital humano<\/h2>\n          <figure>\n            <a href=\"http:\/\/app.rcastellanos.cdmx.gob.mx\/irc\/administracion-finanzas\/finanzas-ch\/\"><img src=\"http:\/\/app.rcastellanos.cdmx.gob.mx\/irc\/administracion-finanzas\/wp-content\/uploads\/sites\/2\/2021\/10\/capital_humano_y_finanzas_b.png\" alt=\"\"><\/a>\n          <\/figure>\n          <div class=\"wp-block-buttons is-content-justification-center\">\n            <div class=\"wp-block-button is-style-outline\">\n              <a class=\"wp-block-button__link\" href=\"http:\/\/app.rcastellanos.cdmx.gob.mx\/irc\/administracion-finanzas\/finanzas-ch\/\">M\u00e1s informaci\u00f3n<\/a>\n            <\/div>\n          <\/div>\n        <\/div>\n      <\/div>\n      <div class=\"col-12 col-md-6\">\n        <div class=\"grupo\">\n          <h2>Recursos materiales y Servicios generales<\/h2>\n          <figure>\n            <a href=\"http:\/\/app.rcastellanos.cdmx.gob.mx\/irc\/administracion-finanzas\/recursos-msg\/\"><img src=\"http:\/\/app.rcastellanos.cdmx.gob.mx\/irc\/administracion-finanzas\/wp-content\/uploads\/sites\/2\/2021\/10\/recursos_materiales_servicios_generales_b.png\" alt=\"\"><\/a>\n          <\/figure>\n          <div class=\"wp-block-buttons is-content-justification-center\">\n            <div class=\"wp-block-button is-style-outline\">\n              <a class=\"wp-block-button__link\" href=\"http:\/\/app.rcastellanos.cdmx.gob.mx\/irc\/administracion-finanzas\/recursos-msg\/\">M\u00e1s informaci\u00f3n<\/a>\n            <\/div>\n          <\/div>\n        <\/div>\n      <\/div>\n    <\/div>\n  <\/div>\n<\/div><\/div>\n\n\n\n<div class=\"wp-block-group alignwide manuales-portada has-background\" style=\"background-color:#ffffff\"><div class=\"wp-block-group__inner-container\">\n<h2 class=\"has-text-align-center\">Manuales<\/h2>\n\n\n\n<!-- ***** manuales portada ***** -->\n  <div class=\"container-fluid\">\n    <ul class=\"row\">\n      <li class=\"col-12 col-sm-12 col-md-6 mx-auto pb-5 opacidad-oscuro\">\n        <a href=\"http:\/\/app.rcastellanos.cdmx.gob.mx\/irc\/administracion-finanzas\/wp-content\/uploads\/sites\/2\/2021\/12\/21_direccion_de_administracion_y_finanzas_instituto_rosario_castellanos.pdf\" target=\"_blank\" rel=\"noopener\">\n          <img alt=\"\" src=\"http:\/\/app.rcastellanos.cdmx.gob.mx\/irc\/administracion-finanzas\/wp-content\/uploads\/sites\/2\/2021\/07\/manual1b.png\">\n          <div class=\"is-style-outline boton-manuales\">\n            <p class=\"wp-block-button__link\">Manual Administrativo de la Direcci\u00f3n de Administraci\u00f3n y Finanzas del\n              Instituto de Estudios Superiores de la Ciudad de M\u00e9xico \u201cRosario Castellanos\u201d<\/p>\n          <\/div>\n        <\/a>\n      <\/li>\n      <li class=\"col-12  col-sm-12 col-md-6 mx-auto pb-5 opacidad-oscuro\">\n        <a href=\"http:\/\/app.rcastellanos.cdmx.gob.mx\/irc\/administracion-finanzas\/wp-content\/uploads\/sites\/2\/2021\/12\/MEO-119_SAAPS-21-OD-SECITI-IESRC-81_010719.pdf\" target=\"_blank\" rel=\"noopener\">\n          <img alt=\"\" src=\"http:\/\/app.rcastellanos.cdmx.gob.mx\/irc\/administracion-finanzas\/wp-content\/uploads\/sites\/2\/2021\/07\/manual2b.png\">\n          <div class=\"is-style-outline boton-manuales\">\n            <p class=\"wp-block-button__link\">Manual de Integraci\u00f3n y Funcionamiento del Subcomit\u00e9 de Adquisiciones,\n              Arrendamientos y Prestaci\u00f3n de Servicios<\/p>\n          <\/div>\n        <\/a>\n      <\/li>\n      <li class=\"col-12  col-sm-12 col-md-6 mx-auto pb-5 opacidad-oscuro\">\n        <a href=\"http:\/\/app.rcastellanos.cdmx.gob.mx\/irc\/administracion-finanzas\/wp-content\/uploads\/sites\/2\/2021\/12\/MEO-118_COTECD-21-OD-SECITI-IESRC-81_010719.pdf\" target=\"_blank\" rel=\"noopener\">\n          <img alt=\"\" src=\"http:\/\/app.rcastellanos.cdmx.gob.mx\/irc\/administracion-finanzas\/wp-content\/uploads\/sites\/2\/2021\/07\/manual3.png\">\n          <div class=\"is-style-outline boton-manuales\">\n            <p class=\"wp-block-button__link\">Manual Espec\u00edfico de Operaci\u00f3n del Comit\u00e9 T\u00e9cnico Interno de Administraci\u00f3n de Documentos<\/p>\n          <\/div>\n        <\/a>\n      <\/li>\n      <li class=\"col-12  col-sm-12 col-md-6 mx-auto pb-5 opacidad-oscuro\">\n        <a href=\"http:\/\/app.rcastellanos.cdmx.gob.mx\/irc\/administracion-finanzas\/wp-content\/uploads\/sites\/2\/2021\/12\/MEO-117_CARECI-21-OD-SECITI-IESRC-81_010719.pdf\" target=\"_blank\" rel=\"noopener\">\n          <img alt=\"\" src=\"http:\/\/app.rcastellanos.cdmx.gob.mx\/irc\/administracion-finanzas\/wp-content\/uploads\/sites\/2\/2021\/07\/manual4.png\">\n          <div class=\"is-style-outline boton-manuales\">\n            <p class=\"wp-block-button__link\">Manual de Integraci\u00f3n y Funcionamiento del Comit\u00e9 de Administraci\u00f3n de\n              Riesgos y Evaluaci\u00f3n de Control Interno Institucional<\/p>\n          <\/div>\n        <\/a>\n      <\/li>\n    <\/ul>\n  <\/div>\n<\/div><\/div>\n\n\n\n<div class=\"wp-block-group alignwide noticias-portada has-background\" style=\"background-color:#ffffff\"><div class=\"wp-block-group__inner-container\">\n<h2 class=\"has-text-align-center\">Noticias<\/h2>\n\n\n<ul class=\"wp-block-latest-posts__list is-grid columns-2 has-dates wp-block-latest-posts\"><li><div class=\"wp-block-latest-posts__featured-image\"><a href=\"http:\/\/app.rcastellanos.cdmx.gob.mx\/irc\/administracion-finanzas\/2021\/12\/22\/licitacion-irc\/\"><img width=\"580\" height=\"400\" src=\"http:\/\/app.rcastellanos.cdmx.gob.mx\/irc\/administracion-finanzas\/wp-content\/uploads\/sites\/2\/2021\/12\/licitacion_dic2022_daf.png\" class=\"attachment-large size-large wp-post-image\" alt=\"\" loading=\"lazy\" style=\"\" srcset=\"http:\/\/app.rcastellanos.cdmx.gob.mx\/irc\/administracion-finanzas\/wp-content\/uploads\/sites\/2\/2021\/12\/licitacion_dic2022_daf.png 581w, http:\/\/app.rcastellanos.cdmx.gob.mx\/irc\/administracion-finanzas\/wp-content\/uploads\/sites\/2\/2021\/12\/licitacion_dic2022_daf-300x207.png 300w\" sizes=\"(max-width: 580px) 100vw, 580px\" \/><\/a><\/div><a href=\"http:\/\/app.rcastellanos.cdmx.gob.mx\/irc\/administracion-finanzas\/2021\/12\/22\/licitacion-irc\/\">Bases para la Licitaci\u00f3n P\u00fablica Nacional del IRC<\/a><time datetime=\"2021-12-22T17:15:24+00:00\" class=\"wp-block-latest-posts__post-date\">22 de diciembre de 2021<\/time><\/li>\n<li><div class=\"wp-block-latest-posts__featured-image\"><a href=\"http:\/\/app.rcastellanos.cdmx.gob.mx\/irc\/administracion-finanzas\/2021\/11\/01\/lpn-003-2021\/\"><img width=\"580\" height=\"400\" src=\"http:\/\/app.rcastellanos.cdmx.gob.mx\/irc\/administracion-finanzas\/wp-content\/uploads\/sites\/2\/2021\/11\/licitacion_311021.png\" class=\"attachment-large size-large wp-post-image\" alt=\"\" loading=\"lazy\" style=\"\" srcset=\"http:\/\/app.rcastellanos.cdmx.gob.mx\/irc\/administracion-finanzas\/wp-content\/uploads\/sites\/2\/2021\/11\/licitacion_311021.png 581w, http:\/\/app.rcastellanos.cdmx.gob.mx\/irc\/administracion-finanzas\/wp-content\/uploads\/sites\/2\/2021\/11\/licitacion_311021-300x207.png 300w\" sizes=\"(max-width: 580px) 100vw, 580px\" \/><\/a><\/div><a href=\"http:\/\/app.rcastellanos.cdmx.gob.mx\/irc\/administracion-finanzas\/2021\/11\/01\/lpn-003-2021\/\">Se publican las Bases para la Licitaci\u00f3n P\u00fablica Nacional No. SECTEI\/IESRC\/LPN\/003\/2021<\/a><time datetime=\"2021-11-01T01:07:52+00:00\" class=\"wp-block-latest-posts__post-date\">1 de noviembre de 2021<\/time><\/li>\n<\/ul><\/div><\/div>\n","protected":false},"excerpt":{"rendered":"","protected":false},"author":1,"featured_media":0,"parent":0,"menu_order":0,"comment_status":"closed","ping_status":"closed","template":"templates\/template-cover.php","meta":[],"_links":{"self":[{"href":"http:\/\/app.rcastellanos.cdmx.gob.mx\/irc\/administracion-finanzas\/wp-json\/wp\/v2\/pages\/11"}],"collection":[{"href":"http:\/\/app.rcastellanos.cdmx.gob.mx\/irc\/administracion-finanzas\/wp-json\/wp\/v2\/pages"}],"about":[{"href":"http:\/\/app.rcastellanos.cdmx.gob.mx\/irc\/administracion-finanzas\/wp-json\/wp\/v2\/types\/page"}],"author":[{"embeddable":true,"href":"http:\/\/app.rcastellanos.cdmx.gob.mx\/irc\/administracion-finanzas\/wp-json\/wp\/v2\/users\/1"}],"replies":[{"embeddable":true,"href":"http:\/\/app.rcastellanos.cdmx.gob.mx\/irc\/administracion-finanzas\/wp-json\/wp\/v2\/comments?post=11"}],"version-history":[{"count":85,"href":"http:\/\/app.rcastellanos.cdmx.gob.mx\/irc\/administracion-finanzas\/wp-json\/wp\/v2\/pages\/11\/revisions"}],"predecessor-version":[{"id":857,"href":"http:\/\/app.rcastellanos.cdmx.gob.mx\/irc\/administracion-finanzas\/wp-json\/wp\/v2\/pages\/11\/revisions\/857"}],"wp:attachment":[{"href":"http:\/\/app.rcastellanos.cdmx.gob.mx\/irc\/administracion-finanzas\/wp-json\/wp\/v2\/media?parent=11"}],"curies":[{"name":"wp","href":"https:\/\/api.w.org\/{rel}","templated":true}]}}