{"id":21,"date":"2021-07-16T18:36:58","date_gmt":"2021-07-16T18:36:58","guid":{"rendered":"http:\/\/app.rcastellanos.cdmx.gob.mx\/irc\/administracion-finanzas\/?page_id=21"},"modified":"2021-07-26T22:59:32","modified_gmt":"2021-07-26T22:59:32","slug":"quienes-somos","status":"publish","type":"page","link":"http:\/\/app.rcastellanos.cdmx.gob.mx\/irc\/administracion-finanzas\/quienes-somos\/","title":{"rendered":"\u00bfQui\u00e9nes somos?"},"content":{"rendered":"\n<div class=\"wp-block-group alignwide quienes-somos has-background\" style=\"background-color:#ffffff\"><div class=\"wp-block-group__inner-container\"><div class=\"breadcrumbs \" typeof=\"BreadcrumbList\" vocab=\"https:\/\/schema.org\/\"><span property=\"itemListElement\" typeof=\"ListItem\"><a property=\"item\" typeof=\"WebPage\" title=\"Go to Direcci\u00f3n de Administraci\u00f3n y Finanzas.\" href=\"http:\/\/app.rcastellanos.cdmx.gob.mx\/irc\/administracion-finanzas\" class=\"home\" ><span property=\"name\">Inicio<\/span><\/a><meta property=\"position\" content=\"1\"><\/span> &#047; <span property=\"itemListElement\" typeof=\"ListItem\"><a property=\"item\" typeof=\"WebPage\" title=\"Go to Noticias.\" href=\"http:\/\/app.rcastellanos.cdmx.gob.mx\/irc\/administracion-finanzas\/noticias\/\" class=\"post-root post post-post\" aria-current=\"page\"><span property=\"name\">Noticias<\/span><\/a><meta property=\"position\" content=\"2\"><\/span><\/div>\n\n\n<h2 class=\"has-text-align-center\">Direcci\u00f3n de Administraci\u00f3n y Finanzas<\/h2>\n\n\n\n<!-- quienes somos -->\n  <div class=\"container-fluid\">\n    <a name=\"mision\"><\/a>\n    <div class=\"row\">\n      <div class=\"col-12 col-sm-12 col-md-6\">\n        <h3>Misi\u00f3n<\/h3>\n        <p>Administrar los recursos humanos, financieros y materiales, bajo los principios de: honestidad, austeridad,\n          responsabilidad, transparencia, rendici\u00f3n de cuentas y cultura de la legalidad. Promoviendo el uso y\n          aplicaci\u00f3n de los recursos con equidad en el contexto de respeto de los Derechos Humanos.<\/p>\n      <\/div>\n      <div class=\"col-12 col-sm-12 col-md-6\">\n        <h3>Visi\u00f3n<\/h3>\n        <p>Consolidar el uso de herramientas tecnol\u00f3gicas para eficientar los procesos,as\u00ed como, la\n          <strong>innovaci\u00f3n<\/strong>, <strong>modernizaci\u00f3n<\/strong> y <strong>calidad<\/strong> de la Administraci\u00f3n.\n        <\/p>\n      <\/div>\n    <\/div>\n  <\/div>\n\n\n  <!-- valores -->\n  <div class=\"container-fluid p-2 text-center rounded valores\">\n    <h3>Valores<\/h3>\n    <ul style=\"list-style: none;\" class=\"pl-0 row text-center justify-content-center\">\n      <li class=\"col-12 col-sm-6 col-md-4 mb-5 mb-sm-3 ml-0\">\n        <img class=\"d-block mx-auto\" src=\"http:\/\/app.rcastellanos.cdmx.gob.mx\/irc\/administracion-finanzas\/wp-content\/uploads\/sites\/2\/2021\/07\/honestidad.png\" alt=\"\">Honestidad\n      <\/li>\n      <li class=\"col-12 col-sm-6 col-md-4 mb-5 mb-sm-3 ml-0\">\n        <img class=\"d-block mx-auto\" src=\"http:\/\/app.rcastellanos.cdmx.gob.mx\/irc\/administracion-finanzas\/wp-content\/uploads\/sites\/2\/2021\/07\/austeridad.png\" alt=\"\">Austeridad\n      <\/li>\n      <li class=\"col-12 col-sm-6 col-md-4 mb-5 mb-sm-3 ml-0\">\n        <img class=\"d-block mx-auto\" src=\"http:\/\/app.rcastellanos.cdmx.gob.mx\/irc\/administracion-finanzas\/wp-content\/uploads\/sites\/2\/2021\/07\/responsabilidad.png\" alt=\"\">Responsabilidad\n      <\/li>\n      <li class=\"col-12 col-sm-6 col-md-4 mb-5 mb-sm-3 ml-0\">\n        <img class=\"d-block mx-auto\" src=\"http:\/\/app.rcastellanos.cdmx.gob.mx\/irc\/administracion-finanzas\/wp-content\/uploads\/sites\/2\/2021\/07\/transparencia.png\" alt=\"\">Transparencia\n      <\/li>\n      <li class=\"col-12 col-sm-6 col-md-4 mb-5 mb-sm-3 ml-0\">\n        <img class=\"d-block mx-auto\" src=\"http:\/\/app.rcastellanos.cdmx.gob.mx\/irc\/administracion-finanzas\/wp-content\/uploads\/sites\/2\/2021\/07\/rendicion_de_cuentas.png\" alt=\"\">Rendici\u00f3n de cuentas\n      <\/li>\n      <li class=\"col-12 col-sm-6 col-md-4 mb-5 mb-sm-3 ml-0\">\n        <img class=\"d-block mx-auto\" src=\"http:\/\/app.rcastellanos.cdmx.gob.mx\/irc\/administracion-finanzas\/wp-content\/uploads\/sites\/2\/2021\/07\/cultura_de_legalidad.png\" alt=\"\">Cultura de la legalidad\n      <\/li>\n    <\/ul>\n  <\/div>\n<\/div><\/div>\n\n\n\n<div class=\"wp-block-group alignwide fondo-verde objetivos has-background\" id=\"objetivos\" style=\"background-color:#ffffff\"><div class=\"wp-block-group__inner-container\">\n<h2 class=\"has-text-align-center\">Objetivos generales<\/h2>\n\n\n\n<p>Coadyuvar con la Direcci\u00f3n General, as\u00ed como, con las Unidades Administrativas del mismo, para el logro de objetivos establecidos en el Plan General de Trabajo 2019-2024.<\/p>\n<\/div><\/div>\n\n\n\n<div class=\"wp-block-group alignwide objetivos has-background\" style=\"background-color:#ffffff\"><div class=\"wp-block-group__inner-container\">\n<h2 class=\"has-text-align-center\">Objetivos espec\u00edficos<\/h2>\n\n\n\n<ul><li>Dar lugar al proceso de planeaci\u00f3n estrat\u00e9gica, as\u00ed como al uso oportuno y eficiente de los Recursos Humanos, Financieros, Materiales y Tecnol\u00f3gicos.<\/li><li>Operar con efectividad en cada una de las \u00e1reas adscritas a la Direcci\u00f3n de Administraci\u00f3n y Finanzas, en beneficio de la comunidad IRC.<\/li><li>Desarrollar herramientas tecnol\u00f3gicas que modernicen e innoven la administraci\u00f3n.<\/li><\/ul>\n\n\n\n<nav aria-label=\"Page navigation\" class=\"paginador\">\n    <ul class=\"pagination justify-content-center text-center flex-column flex-sm-row\">\n      <li class=\"page-item disabled\">\n        <a class=\"page-link\" href=\"#\" tabindex=\"-1\" aria-disabled=\"true\"><span class=\"d-sm-none\">&lt;<\/span> Anterior<\/a>\n      <\/li>\n      <li class=\"page-item active display\">1<\/li>\n      <li class=\"page-item display\"><a class=\"page-link\" href=\"http:\/\/app.rcastellanos.cdmx.gob.mx\/irc\/administracion-finanzas\/quienes-somos\/atribuciones\/\">2<\/a><\/li>\n      <li class=\"page-item\">\n        <a class=\"page-link\" href=\"http:\/\/app.rcastellanos.cdmx.gob.mx\/irc\/administracion-finanzas\/quienes-somos\/atribuciones\/\">Siguiente <span class=\"d-sm-none\">&gt;<\/span><\/a>\n      <\/li>\n    <\/ul>\n  <\/nav>\n<\/div><\/div>\n\n\n\n<p><\/p>\n","protected":false},"excerpt":{"rendered":"","protected":false},"author":1,"featured_media":0,"parent":0,"menu_order":0,"comment_status":"closed","ping_status":"closed","template":"templates\/template-full-width.php","meta":[],"_links":{"self":[{"href":"http:\/\/app.rcastellanos.cdmx.gob.mx\/irc\/administracion-finanzas\/wp-json\/wp\/v2\/pages\/21"}],"collection":[{"href":"http:\/\/app.rcastellanos.cdmx.gob.mx\/irc\/administracion-finanzas\/wp-json\/wp\/v2\/pages"}],"about":[{"href":"http:\/\/app.rcastellanos.cdmx.gob.mx\/irc\/administracion-finanzas\/wp-json\/wp\/v2\/types\/page"}],"author":[{"embeddable":true,"href":"http:\/\/app.rcastellanos.cdmx.gob.mx\/irc\/administracion-finanzas\/wp-json\/wp\/v2\/users\/1"}],"replies":[{"embeddable":true,"href":"http:\/\/app.rcastellanos.cdmx.gob.mx\/irc\/administracion-finanzas\/wp-json\/wp\/v2\/comments?post=21"}],"version-history":[{"count":30,"href":"http:\/\/app.rcastellanos.cdmx.gob.mx\/irc\/administracion-finanzas\/wp-json\/wp\/v2\/pages\/21\/revisions"}],"predecessor-version":[{"id":853,"href":"http:\/\/app.rcastellanos.cdmx.gob.mx\/irc\/administracion-finanzas\/wp-json\/wp\/v2\/pages\/21\/revisions\/853"}],"wp:attachment":[{"href":"http:\/\/app.rcastellanos.cdmx.gob.mx\/irc\/administracion-finanzas\/wp-json\/wp\/v2\/media?parent=21"}],"curies":[{"name":"wp","href":"https:\/\/api.w.org\/{rel}","templated":true}]}}