{"id":129,"date":"2021-07-27T22:09:09","date_gmt":"2021-07-27T22:09:09","guid":{"rendered":"http:\/\/app.rcastellanos.cdmx.gob.mx\/irc\/investigacion-posgrado\/?page_id=129"},"modified":"2022-03-24T02:50:52","modified_gmt":"2022-03-24T02:50:52","slug":"directorio-y-contacto","status":"publish","type":"page","link":"http:\/\/app.rcastellanos.cdmx.gob.mx\/irc\/investigacion-posgrado\/directorio-y-contacto\/","title":{"rendered":"Directorio y contacto"},"content":{"rendered":"\n<div class=\"wp-block-group alignwide directorio has-background\" style=\"background-color:#ffffff\"><div class=\"wp-block-group__inner-container\"><div class=\"breadcrumbs \" typeof=\"BreadcrumbList\" vocab=\"https:\/\/schema.org\/\"><span property=\"itemListElement\" typeof=\"ListItem\"><a property=\"item\" typeof=\"WebPage\" title=\"Go to Direcci\u00f3n de Investigaci\u00f3n y Posgrado.\" href=\"http:\/\/app.rcastellanos.cdmx.gob.mx\/irc\/investigacion-posgrado\" class=\"home\" ><span property=\"name\">Inicio<\/span><\/a><meta property=\"position\" content=\"1\"><\/span> &#047; <span property=\"itemListElement\" typeof=\"ListItem\"><a property=\"item\" typeof=\"WebPage\" title=\"Go to Comunicaci\u00f3n.\" href=\"http:\/\/app.rcastellanos.cdmx.gob.mx\/irc\/investigacion-posgrado\/comunicacion\/\" class=\"post post-page\" ><span property=\"name\">Comunicaci\u00f3n<\/span><\/a><meta property=\"position\" content=\"2\"><\/span> &#047; <span property=\"itemListElement\" typeof=\"ListItem\"><a property=\"item\" typeof=\"WebPage\" title=\"Go to Entradas.\" href=\"http:\/\/app.rcastellanos.cdmx.gob.mx\/irc\/investigacion-posgrado\/comunicacion\/publicaciones\/\" class=\"post-root post post-post\" aria-current=\"page\"><span property=\"name\">Entradas<\/span><\/a><meta property=\"position\" content=\"3\"><\/span><\/div>\n\n\n<h2 class=\"has-text-align-center\">Directorio<\/h2>\n\n\n\n<!-- directorio -->\n  <div class=\"container-fluid\">\n    <ul class=\"row directorio-lista\">\n      <li class=\"col-12 col-sm-12 col-md-6 mx-auto\">\n        <p><strong>Directora de Investigaci\u00f3n y Posgrado<\/strong><\/p>\n        <p>Maricruz Moreno Zagal<\/p>\n        <p><a href=\"mailto:maricruz.moreno@sectei.cdmx.gob.mx\">maricruz.moreno@sectei.cdmx.gob.mx<\/a><\/p>\n      <\/li>\n      <li class=\"col-12 col-sm-12 col-md-6 mx-auto\">\n        <p><strong>Subdirectora de Posgrado<\/strong><\/p>\n        <p>Roc\u00edo Lugui Sortibr\u00e1n Mart\u00ednez<\/p>\n        <p><a href=\"mailto:lugui.sortibran@sectei.cdmx.gob.mx\">lugui.sortibran@sectei.cdmx.gob.mx<\/a><\/p>\n      <\/li>\n      <li class=\"col-12 col-sm-12 col-md-6 mx-auto\">\n        <p><strong>Subdirector de Extensi\u00f3n y Difusi\u00f3n<\/strong><\/p>\n        <p>Irving Gerardo M\u00e1rquez Monroy<\/p>\n        <p><a href=\"mailto:irving.marquez@sectei.cdmx.gob.mx\">irving.marquez@sectei.cdmx.gob.mx<\/a><\/p>\n      <\/li>\n      <li class=\"col-12 col-sm-12 col-md-6 mx-auto\">\n        <p><strong>Coordinadora de Doctorados<\/strong><\/p>\n        <p>Ismene Itha\u00ed Bras Ruiz<\/p>\n        <p><a href=\"mailto:ismene.bras@rcastellanos.cdmx.gob.mx\">ismene.bras@rcastellanos.cdmx.gob.mx<\/a><\/p>\n      <\/li>\n      <li class=\"col-12 col-sm-12 col-md-6 mx-auto\">\n        <p><strong>Coordinador de Maestr\u00edas y Especialidades<\/strong><\/p>\n        <p>Marco Aurelio Almaz\u00e1n Reyes<\/p>\n        <p><a href=\"mailto:marco.almazan@rcastellanos.cdmx.gob.mx\">marco.almazan@rcastellanos.cdmx.gob.mx<\/a><\/p>\n      <\/li>\n      <li class=\"col-12 col-sm-12 col-md-6 mx-auto\">\n        <p><strong>Coordinadora de Investigaci\u00f3n<\/strong><\/p>\n        <p>Mireya Ram\u00edrez Ballesteros<\/p>\n        <p><a href=\"mailto:mireya.ramirez@rcastellanos.cdmx.gob.mx\">mireya.ramirez@rcastellanos.cdmx.gob.mx<\/a><\/p>\n      <\/li>\n      <li class=\"col-12 col-sm-12 col-md-6 mx-auto\">\n        <p><strong>Apoyo a la planeaci\u00f3n<\/strong><\/p>\n        <p>Carlos Eduardo Reyes D\u00edaz<\/p>\n        <p><a href=\"mailto:carlos.reyes@sectei.cdmx.gob.mx\">carlos.reyes@sectei.cdmx.gob.mx<\/a><\/p>\n      <\/li>\n      <li class=\"col-12 col-sm-12 col-md-6 mx-auto\">\n        <p><strong>Enlace y apoyo a la gesti\u00f3n<\/strong><\/p>\n        <p>Pedro Brito Guerrero<\/p>\n        <p><a href=\"mailto:pedro.brito@sectei.cdmx.gob.mx\">pedro.brito@sectei.cdmx.gob.mx<\/a><\/p>\n      <\/li>\n    <\/ul>\n  <\/div>\n\n\n\n<hr class=\"wp-block-separator\"\/>\n\n\n\n<h2 class=\"has-text-align-center\">Contacto<\/h2>\n\n\n\n<!-- contacto -->\n    <div class=\"container-fluid\">\n        <ul class=\"row contacto-lista\">\n          <li class=\"col-12 col-sm-12 col-md-6 mx-auto\">\n            <p><strong>Contacto<\/strong><\/p>\n            <p><a href=\"mailto:posgrado.irc@sectei.cdmx.gob.mx\">posgrado.irc@sectei.cdmx.gob.mx<\/a><\/p>\n          <\/li>\n          <li class=\"col-12 col-sm-12 col-md-6 mx-auto\">\n            <p><strong>Mesa de ayuda<\/strong><\/p>\n            <p><a href=\"mailto:mesadeayudaposgrado.irc@sectei.cdmx.gob.mx\">mesadeayudaposgrado.irc@sectei.cdmx.gob.mx<\/a>\n            <\/p>\n          <\/li>\n        <\/ul>\n    <\/div>\n<\/div><\/div>\n","protected":false},"excerpt":{"rendered":"","protected":false},"author":1,"featured_media":0,"parent":0,"menu_order":0,"comment_status":"closed","ping_status":"closed","template":"templates\/template-full-width.php","meta":[],"_links":{"self":[{"href":"http:\/\/app.rcastellanos.cdmx.gob.mx\/irc\/investigacion-posgrado\/wp-json\/wp\/v2\/pages\/129"}],"collection":[{"href":"http:\/\/app.rcastellanos.cdmx.gob.mx\/irc\/investigacion-posgrado\/wp-json\/wp\/v2\/pages"}],"about":[{"href":"http:\/\/app.rcastellanos.cdmx.gob.mx\/irc\/investigacion-posgrado\/wp-json\/wp\/v2\/types\/page"}],"author":[{"embeddable":true,"href":"http:\/\/app.rcastellanos.cdmx.gob.mx\/irc\/investigacion-posgrado\/wp-json\/wp\/v2\/users\/1"}],"replies":[{"embeddable":true,"href":"http:\/\/app.rcastellanos.cdmx.gob.mx\/irc\/investigacion-posgrado\/wp-json\/wp\/v2\/comments?post=129"}],"version-history":[{"count":11,"href":"http:\/\/app.rcastellanos.cdmx.gob.mx\/irc\/investigacion-posgrado\/wp-json\/wp\/v2\/pages\/129\/revisions"}],"predecessor-version":[{"id":1237,"href":"http:\/\/app.rcastellanos.cdmx.gob.mx\/irc\/investigacion-posgrado\/wp-json\/wp\/v2\/pages\/129\/revisions\/1237"}],"wp:attachment":[{"href":"http:\/\/app.rcastellanos.cdmx.gob.mx\/irc\/investigacion-posgrado\/wp-json\/wp\/v2\/media?parent=129"}],"curies":[{"name":"wp","href":"https:\/\/api.w.org\/{rel}","templated":true}]}}