{"id":465,"date":"2021-07-29T18:17:21","date_gmt":"2021-07-29T18:17:21","guid":{"rendered":"http:\/\/app.rcastellanos.cdmx.gob.mx\/irc\/investigacion-posgrado\/?page_id=465"},"modified":"2021-09-06T18:40:19","modified_gmt":"2021-09-06T18:40:19","slug":"d-cs","status":"publish","type":"page","link":"http:\/\/app.rcastellanos.cdmx.gob.mx\/irc\/investigacion-posgrado\/oferta-academica\/doctorados\/d-cs\/","title":{"rendered":"Doctorado en Ciencias de la Sustentabilidad"},"content":{"rendered":"\n<div class=\"wp-block-group alignwide posgrados has-background\" style=\"background-color:#ffffff\"><div class=\"wp-block-group__inner-container\"><div class=\"breadcrumbs \" typeof=\"BreadcrumbList\" vocab=\"https:\/\/schema.org\/\"><span property=\"itemListElement\" typeof=\"ListItem\"><a property=\"item\" typeof=\"WebPage\" title=\"Go to Direcci\u00f3n de Investigaci\u00f3n y Posgrado.\" href=\"http:\/\/app.rcastellanos.cdmx.gob.mx\/irc\/investigacion-posgrado\" class=\"home\" ><span property=\"name\">Inicio<\/span><\/a><meta property=\"position\" content=\"1\"><\/span> &#047; <span property=\"itemListElement\" typeof=\"ListItem\"><a property=\"item\" typeof=\"WebPage\" title=\"Go to Comunicaci\u00f3n.\" href=\"http:\/\/app.rcastellanos.cdmx.gob.mx\/irc\/investigacion-posgrado\/comunicacion\/\" class=\"post post-page\" ><span property=\"name\">Comunicaci\u00f3n<\/span><\/a><meta property=\"position\" content=\"2\"><\/span> &#047; <span property=\"itemListElement\" typeof=\"ListItem\"><a property=\"item\" typeof=\"WebPage\" title=\"Go to Entradas.\" href=\"http:\/\/app.rcastellanos.cdmx.gob.mx\/irc\/investigacion-posgrado\/comunicacion\/publicaciones\/\" class=\"post-root post post-post\" aria-current=\"page\"><span property=\"name\">Entradas<\/span><\/a><meta property=\"position\" content=\"3\"><\/span><\/div>\n\n\n<!-- doctorado en Ciencias de la Sustentabilidad -->\n<div class=\"container-fluid acordeon-contenido\">\n  <div id=\"accordion\">\n    <div class=\"card\">\n      <div class=\"card-header\" id=\"heading1\">\n        <h2>\n          <button class=\"card-link\" data-toggle=\"collapse\" data-target=\"#collapse1\" aria-expanded=\"true\" aria-controls=\"collapse1\">\n            Objetivo\n          <\/button>\n        <\/h2>\n      <\/div>\n      <div id=\"collapse1\" class=\"collapse show\" aria-labelledby=\"heading1\" data-parent=\"#accordion\">\n        <div class=\"card-body\">\n          <figure>\n            <img class=\"img-fluid mx-auto\" alt=\"\" src=\"http:\/\/app.rcastellanos.cdmx.gob.mx\/irc\/investigacion-posgrado\/wp-content\/uploads\/sites\/6\/2021\/07\/objetivo.png\">\n          <\/figure>\n          <p>Formar expertos y cient\u00edficos en el \u00e1mbito de las ciencias de la sustentabilidad, capaces de realizar investigaciones de frontera, originales, sist\u00e9micas, transdisciplinarias y metodol\u00f3gicamente rigurosas, que contribuyan a generar alternativas de soluci\u00f3n tecnol\u00f3gicas y de acci\u00f3n innovadora para transitar hacia el desarrollo sustentable.<\/p>\n        <\/div>\n      <\/div>\n    <\/div>\n    <div class=\"card\">\n      <div class=\"card-header\" id=\"heading2\">\n        <h2>\n          <button class=\"card-link\" data-toggle=\"collapse\" data-target=\"#collapse2\" aria-expanded=\"false\" aria-controls=\"collapse2\">\n            Perfil de ingreso\n          <\/button>\n        <\/h2>\n      <\/div>\n      <div id=\"collapse2\" class=\"collapse\" aria-labelledby=\"heading2\" data-parent=\"#accordion\">\n        <div class=\"card-body\">\n          <figure>\n            <img class=\"img-fluid mx-auto\" alt=\"\" src=\"http:\/\/app.rcastellanos.cdmx.gob.mx\/irc\/investigacion-posgrado\/wp-content\/uploads\/sites\/6\/2021\/07\/ingreso2.png\">\n          <\/figure>\n          <ul>\n            <li>Conocimiento y experiencia demostrable en alguna disciplina af\u00edn a la sustentabilidad, que le permita identificar problem\u00e1ticas y posibles alternativas para transitar hacia la sustentabilidad.<\/li>\n            <li>Disposici\u00f3n para trabajar en equipos trans, inter y multidisciplinarios, para la b\u00fasqueda de posibles soluciones y toma de decisiones en un ambiente de trabajo \u00e9tico, profesional y cordial.<\/li>\n            <li>Disposici\u00f3n y habilidades para aprender y adquirir nuevos conocimientos.<\/li>\n            <li>Personas innovadoras, cr\u00edticas y creativas capaces de expresar y comunicar de forma oral y escrita sus ideas.<\/li>\n            <li>Experiencia en el desarrollo de proyectos de investigaci\u00f3n o intervenci\u00f3n.<\/li>\n            <li>Apertura al cambio.<\/li>\n            <li>Emprendimiento.<\/li>\n          <\/ul>\n        <\/div>\n      <\/div>\n    <\/div>\n    <div class=\"card\">\n      <div class=\"card-header\" id=\"heading3\">\n        <h2>\n          <button class=\"card-link collapsed\" data-toggle=\"collapse\" data-target=\"#collapse3\" aria-expanded=\"false\" aria-controls=\"collapse3\">\n            Perfil de egreso\n          <\/button>\n        <\/h2>\n      <\/div>\n      <div id=\"collapse3\" class=\"collapse\" aria-labelledby=\"heading3\" data-parent=\"#accordion\">\n        <div class=\"card-body\">\n          <figure>\n            <img class=\"img-fluid mx-auto\" alt=\"\" src=\"http:\/\/app.rcastellanos.cdmx.gob.mx\/irc\/investigacion-posgrado\/wp-content\/uploads\/sites\/6\/2021\/07\/egreso2.png\">\n          <\/figure>\n          <ul>\n            <li>Desarrolla investigaci\u00f3n de alto nivel generando conocimiento de frontera.<\/li>\n            <li>Trabaja de forma colaborativa y transdisciplinar con visi\u00f3n incluyente.<\/li>\n            <li>Identifica problem\u00e1ticas relacionadas con la sustentabilidad en diferentes escalas, de local a global.<\/li>\n            <li>Genera propuestas innovadoras para transitar hacia la sustentabilidad.<\/li>\n            <li>Produce publicaciones acad\u00e9micas, prototipos, patentes, modelos de utilidad, transferencia de tecnolog\u00eda, proyectos o programas de intervenci\u00f3n o desarrollo y de difusi\u00f3n, actuando en todo momento con responsabilidad social, ambiental y \u00e9tica profesional.<\/li>\n            <li>Incide en el dise\u00f1o, actualizaci\u00f3n, gesti\u00f3n, e implementaci\u00f3n de instrumentos normativos relacionados con la sustentabilidad.<\/li>\n          <\/ul>\n        <\/div>\n      <\/div>\n    <\/div>\n    <div class=\"card\">\n      <div class=\"card-header\" id=\"heading4\">\n        <h2>\n          <button class=\"card-link collapsed\" data-toggle=\"collapse\" data-target=\"#collapse4\" aria-expanded=\"false\" aria-controls=\"collapse4\">\n            L\u00edneas de investigaci\u00f3n\n          <\/button>\n        <\/h2>\n      <\/div>\n      <div id=\"collapse4\" class=\"collapse\" aria-labelledby=\"heading4\" data-parent=\"#accordion\">\n        <div class=\"card-body\">\n          <figure>\n            <img class=\"img-fluid mx-auto\" alt=\"\" src=\"http:\/\/app.rcastellanos.cdmx.gob.mx\/irc\/investigacion-posgrado\/wp-content\/uploads\/sites\/6\/2021\/07\/linea_investigacion.png\">\n          <\/figure>\n          <ol class=\"lista-letras\">\n            <li>Resiliencia, vulnerabilidad, adaptaci\u00f3n y mitigaci\u00f3n a los cambios globales.<\/li>\n            <li>Modelado de escenarios anticipativos, determinaci\u00f3n de umbrales y transformaciones hacia la sustentabilidad.<\/li>\n            <li>Manejo y conservaci\u00f3n de la biodiversidad para la sustentabilidad.<\/li>\n            <li>Sistemas antropizados y sustentabilidad.<\/li>\n            <li>Salud y reducci\u00f3n de las brechas de desigualdad en el contexto del cambio global: sustentabilidad, \u00e9tica y solidaridad.<\/li>\n            <li>Econom\u00edas alternativas para la sustentabilidad.<\/li>\n            <li>Procesos de gobernanza y toma de decisiones para la sustentabilidad.<\/li>\n            <li>Biotecnolog\u00eda, innovaci\u00f3n y tecnolog\u00eda para la sustentabilidad.<\/li>\n          <\/ol>\n        <\/div>\n      <\/div>\n    <\/div>\n    <div class=\"card\">\n      <div class=\"card-header\" id=\"heading5\">\n        <h2>\n          <button class=\"card-link collapsed\" data-toggle=\"collapse\" data-target=\"#collapse5\" aria-expanded=\"false\" aria-controls=\"collapse5\">\n            Oferta educativa\n          <\/button>\n        <\/h2>\n      <\/div>\n      <div id=\"collapse5\" class=\"collapse\" aria-labelledby=\"heading5\" data-parent=\"#accordion\">\n        <div class=\"card-body\">\n          <p>El Doctorado corresponde al nivel posterior a la maestr\u00eda y se extiende el grado de <strong>Doctorado en Ciencias de la Sustentabilidad<\/strong>.<\/p>\n          <p>La duraci\u00f3n del programa es de: <strong>seis semestres<\/strong>.<\/p>\n          <p>En modalidad a distancia bajo un modelo h\u00edbrido y dual.<\/p>\n        <\/div>\n      <\/div>\n    <\/div>\n    <div class=\"card\">\n      <div class=\"card-header\" id=\"heading6\">\n        <h2>\n          <button class=\"card-link collapsed\" data-toggle=\"collapse\" data-target=\"#collapse6\" aria-expanded=\"false\" aria-controls=\"collapse6\">\n            Estructura curricular\n          <\/button>\n        <\/h2>\n      <\/div>\n      <div id=\"collapse6\" class=\"collapse\" aria-labelledby=\"heading6\" data-parent=\"#accordion\">\n        <div class=\"card-body esquema doctorado-cs\">\n          <div class=\"wp-block-image\">\n            <figure class=\"aligncenter size-large\">\n              <img alt=\"\" src=\"http:\/\/app.rcastellanos.cdmx.gob.mx\/irc\/investigacion-posgrado\/wp-content\/uploads\/sites\/6\/2021\/09\/esquema_dcs.png\">\n            <\/figure>\n          <\/div>\n          <div class=\"container-fluid\">\n            <div class=\"row\">\n              <div class=\"col-12 col-sm-12 col-md-4\">\n                <div>\n                  <h4>Conocimiento fundamental<\/h4>\n                  <ul>\n                    <li>Fundamentos a las Ciencias de la Sustentabilidad<span class=\"asterisco\">*<\/span><\/li>\n                    <li>Bases para la evaluaci\u00f3n del Cambio Global<span class=\"asterisco\">*<\/span><\/li>\n                    <li>Gesti\u00f3n territorial, Gobernanza y pol\u00edticas p\u00fablicas<span class=\"asterisco\">*<\/span><\/li>\n                    <li>Cambio Clim\u00e1tico, desarrollo sustentable a trav\u00e9s de la mitigaci\u00f3n y adaptaci\u00f3n<\/li>\n                    <li>Resiliencia<\/li>\n                  <\/ul>\n                <\/div>\n              <\/div>\n              <div class=\"col-12 col-sm-12 col-md-4\">\n                <div>\n                  <h4>Meta Conocimiento<\/h4>\n                    <ul>\n                      <li>Tecnolog\u00eda e innovaci\u00f3n<span class=\"asterisco\">*<\/span><\/li>\n                      <li>Diversidad de saberes para la sustentabilidad<\/li>\n                      <li>Econom\u00edas alternativas<\/li>\n                      <li>Sustentabilidad h\u00eddrica<\/li>\n                      <li>Aprovechamiento sustentable de los elementos naturales<\/li>\n                      <li>Biorremediaci\u00f3n<\/li>\n                      <li>Modelaci\u00f3n Estad\u00edstica<\/li>\n                      <li>Estad\u00edstica Multivariada<\/li>\n                      <li>Modelaci\u00f3n de Sistemas Socioecol\u00f3gicos<\/li>\n                      <li>Paisajismo<\/li>\n                      <li><strong>SEMINARIOS DE ELECCI\u00d3N<\/strong><\/li>\n                    <\/ul>\n                <\/div>\n              <\/div>\n              <div class=\"col-12 col-sm-12 col-md-4\">\n                <div>\n                  <h4>Generativo de Investigaci\u00f3n o Intervenci\u00f3n<\/h4>\n                  <ul>\n                    <li>Taller de Investigaci\u00f3n: Proyecto de investigaci\u00f3n<\/li>\n                    <li>Taller de Investigaci\u00f3n: Dise\u00f1o metodol\u00f3gico<\/li>\n                    <li>Taller de Investigaci\u00f3n: Diagn\u00f3stico territorial y contexto de la investigaci\u00f3n<\/li>\n                    <li>Taller de Investigaci\u00f3n: Sistematizaci\u00f3n de datos<\/li>\n                    <li>Taller de Investigaci\u00f3n. Art\u00edculo cient\u00edfico<\/li>\n                    <li>Taller de Investigaci\u00f3n. Reporte integral final<\/li>\n                    <li><strong>TODAS OBLIGATORIAS<\/strong><\/li>\n                  <\/ul>\n                <\/div>\n              <\/div>\n              <div class=\"col-12 col-sm-12\">\n                <div>\n                  <p class=\"mb-0\"><strong>Unidades Curriculares de Aprendizaje<\/strong><\/p>\n                  <p class=\"mb-0\"><strong><span class=\"asterisco\">*<\/span> OBLIGATORIAS<\/strong><\/p>\n                <\/div>\n              <\/div>\n            <\/div>\n          <\/div>\n        <\/div>\n      <\/div>\n    <\/div>\n  <\/div>\n<\/div>\n\n\n\n<div class=\"wp-block-buttons is-content-justification-center\">\n<div class=\"wp-block-button is-style-fill\"><a class=\"wp-block-button__link\" href=\"http:\/\/app.rcastellanos.cdmx.gob.mx\/irc\/investigacion-posgrado\/wp-content\/uploads\/sites\/6\/2021\/09\/estructura_curricular_D_cs.pdf\" target=\"_blank\" rel=\"noreferrer noopener\">Estructura curricular<\/a><\/div>\n\n\n\n<div class=\"wp-block-button is-style-fill\"><a class=\"wp-block-button__link\" href=\"http:\/\/app.rcastellanos.cdmx.gob.mx\/irc\/investigacion-posgrado\/wp-content\/uploads\/sites\/6\/2021\/07\/doctorado_en_ciencias_de_la_sustentabilidad.pdf\" target=\"_blank\" rel=\"noreferrer noopener\">INFOGRAF\u00cdA<\/a><\/div>\n<\/div>\n<\/div><\/div>\n","protected":false},"excerpt":{"rendered":"","protected":false},"author":1,"featured_media":0,"parent":272,"menu_order":0,"comment_status":"closed","ping_status":"closed","template":"templates\/template-full-width.php","meta":[],"_links":{"self":[{"href":"http:\/\/app.rcastellanos.cdmx.gob.mx\/irc\/investigacion-posgrado\/wp-json\/wp\/v2\/pages\/465"}],"collection":[{"href":"http:\/\/app.rcastellanos.cdmx.gob.mx\/irc\/investigacion-posgrado\/wp-json\/wp\/v2\/pages"}],"about":[{"href":"http:\/\/app.rcastellanos.cdmx.gob.mx\/irc\/investigacion-posgrado\/wp-json\/wp\/v2\/types\/page"}],"author":[{"embeddable":true,"href":"http:\/\/app.rcastellanos.cdmx.gob.mx\/irc\/investigacion-posgrado\/wp-json\/wp\/v2\/users\/1"}],"replies":[{"embeddable":true,"href":"http:\/\/app.rcastellanos.cdmx.gob.mx\/irc\/investigacion-posgrado\/wp-json\/wp\/v2\/comments?post=465"}],"version-history":[{"count":17,"href":"http:\/\/app.rcastellanos.cdmx.gob.mx\/irc\/investigacion-posgrado\/wp-json\/wp\/v2\/pages\/465\/revisions"}],"predecessor-version":[{"id":1041,"href":"http:\/\/app.rcastellanos.cdmx.gob.mx\/irc\/investigacion-posgrado\/wp-json\/wp\/v2\/pages\/465\/revisions\/1041"}],"up":[{"embeddable":true,"href":"http:\/\/app.rcastellanos.cdmx.gob.mx\/irc\/investigacion-posgrado\/wp-json\/wp\/v2\/pages\/272"}],"wp:attachment":[{"href":"http:\/\/app.rcastellanos.cdmx.gob.mx\/irc\/investigacion-posgrado\/wp-json\/wp\/v2\/media?parent=465"}],"curies":[{"name":"wp","href":"https:\/\/api.w.org\/{rel}","templated":true}]}}