{"id":495,"date":"2021-08-12T23:24:16","date_gmt":"2021-08-12T23:24:16","guid":{"rendered":"http:\/\/app.rcastellanos.cdmx.gob.mx\/irc\/investigacion-posgrado\/?page_id=495"},"modified":"2021-09-02T02:05:57","modified_gmt":"2021-09-02T02:05:57","slug":"curso-introduccion2021-1","status":"publish","type":"page","link":"http:\/\/app.rcastellanos.cdmx.gob.mx\/irc\/investigacion-posgrado\/extension\/curso-introduccion2021-1\/","title":{"rendered":"Curso \u201cConceptos fundamentales de introducci\u00f3n al Posgrado\u201d 2021-1"},"content":{"rendered":"\n<div class=\"wp-block-group alignwide .intro-2021-1 has-background\" style=\"background-color:#ffffff\"><div class=\"wp-block-group__inner-container\"><div class=\"breadcrumbs \" typeof=\"BreadcrumbList\" vocab=\"https:\/\/schema.org\/\"><span property=\"itemListElement\" typeof=\"ListItem\"><a property=\"item\" typeof=\"WebPage\" title=\"Go to Direcci\u00f3n de Investigaci\u00f3n y Posgrado.\" href=\"http:\/\/app.rcastellanos.cdmx.gob.mx\/irc\/investigacion-posgrado\" class=\"home\" ><span property=\"name\">Inicio<\/span><\/a><meta property=\"position\" content=\"1\"><\/span> &#047; <span property=\"itemListElement\" typeof=\"ListItem\"><a property=\"item\" typeof=\"WebPage\" title=\"Go to Comunicaci\u00f3n.\" href=\"http:\/\/app.rcastellanos.cdmx.gob.mx\/irc\/investigacion-posgrado\/comunicacion\/\" class=\"post post-page\" ><span property=\"name\">Comunicaci\u00f3n<\/span><\/a><meta property=\"position\" content=\"2\"><\/span> &#047; <span property=\"itemListElement\" typeof=\"ListItem\"><a property=\"item\" typeof=\"WebPage\" title=\"Go to Entradas.\" href=\"http:\/\/app.rcastellanos.cdmx.gob.mx\/irc\/investigacion-posgrado\/comunicacion\/publicaciones\/\" class=\"post-root post post-post\" aria-current=\"page\"><span property=\"name\">Entradas<\/span><\/a><meta property=\"position\" content=\"3\"><\/span><\/div>\n\n\n<!-- EVENTOS \/ curso -->\n  <div class=\"intro-2021-1\">\n    <p class=\"text-center\"><strong>8-13 febrero y 20 feb 2021<\/strong><\/p>\n    <p class=\"text-center\"><strong>Total 30 horas.<\/strong><\/p>\n\n    <div class=\"table-responsive\">\n      <table class=\"table table-striped\">\n        <thead>\n          <tr>\n            <th>Horario Propuesto<\/th>\n            <th>Tema<\/th>\n            <th>Tiempo total en horas<\/th>\n            <th>Impartido por<\/th>\n          <\/tr>\n        <\/thead>\n        <tbody>\n          <tr>\n            <td>Lunes 8 febrero<br>16-17 hrs.<\/td>\n            <td>Modelo educativo del IRCActo protocolario<\/td>\n            <td>1<\/td>\n            <td>Dra. Alma Herrera M\u00e1rquez<\/td>\n          <\/tr>\n          <tr>\n            <td>Lunes 8 de febrero<br>17-18 hrs.<\/td>\n            <td>Planes de estudios Maestr\u00edas y Doctorado<\/td>\n            <td>1<\/td>\n            <td>Dra. Ana Graciela Fern\u00e1ndez Lomel\u00edn<\/td>\n          <\/tr>\n\n          <tr class=\"linea-divisoria\">\n            <td>Lunes 8 de febrero<br>18-19 hrs.<\/td>\n            <td>Tutor\u00eda en el Posgrado<\/td>\n            <td>1<\/td>\n            <td>Dra. Maricruz Moreno Zagal<\/td>\n          <\/tr>\n          <tr>\n            <td>Mi\u00e9rcoles 10 febrero<br>9 \u2013 11 hrs.<\/td>\n            <td>Revisi\u00f3n y Aplicaci\u00f3n de nuevas Normas del Manual APA 7a. Edici\u00f3n + 5 horas a distancia<\/td>\n            <td>7<\/td>\n            <td>Mtra. Martina Ram\u00edrez Ch\u00e1vez<\/td>\n          <\/tr>\n\n          <tr class=\"linea-divisoria\">\n            <td>Mi\u00e9rcoles 10 febrero<br>11:00 \u2013 12:00 hrs.<\/td>\n            <td>Formas para la obtenci\u00f3n del grado<\/td>\n            <td>1<\/td>\n            <td>Dra. Roc\u00edo LuguiSortibr\u00e1n Mart\u00ednez<\/td>\n          <\/tr>\n          <tr>\n            <td>S\u00e1bado 13 febrero<br>8 \u2013 10 hrs.<\/td>\n            <td>Introducci\u00f3n a la plataforma Moodle<\/td>\n            <td>2<\/td>\n            <td>Mtra. Luc\u00eda Mendoza<\/td>\n          <\/tr>\n          <tr>\n            <td>S\u00e1bado 13 febrero<br>10-13 hrs.<\/td>\n            <td>Herramientas para la b\u00fasqueda, obtenci\u00f3n y manejo de informaci\u00f3n + 4 horas a distancia<\/td>\n            <td>7<\/td>\n            <td>Mtra. Denisse Guadalupe Morales Perea<\/td>\n          <\/tr>\n          <tr>\n            <td>S\u00e1bado 20 febrero<br>10-12 hrs.<\/td>\n            <td>Habilidades digitales + 3 horas a distancia<\/td>\n            <td>5<\/td>\n            <td>Dra. Ismene Itha\u00ed Bras<\/td>\n          <\/tr>\n          <tr>\n            <td>S\u00e1bado 20 febrero<br>12-12:30 hrs.<\/td>\n            <td>Programa de Universidad Saludable<\/td>\n            <td>0.5<\/td>\n            <td>Dr. Jaime Eduardo P\u00e9rez Estrada<\/td>\n          <\/tr>\n          <tr>\n            <td>S\u00e1bado 20 febrero<br>12:30-14:30 hrs.<\/td>\n            <td>Herramientas de Autogesti\u00f3n y Administraci\u00f3n del tiempo + 3 horas a distancia<\/td>\n            <td>5<\/td>\n            <td>Dra. Ismene Itha\u00ed Bras<\/td>\n          <\/tr>\n        <\/tbody>\n      <\/table>\n    <\/div>\n  <\/div>\n\n\n\n<div class=\"wp-block-buttons is-content-justification-center\">\n<div class=\"wp-block-button is-style-fill\"><a class=\"wp-block-button__link\" href=\"http:\/\/app.rcastellanos.cdmx.gob.mx\/irc\/investigacion-posgrado\/wp-content\/uploads\/sites\/6\/2021\/08\/programa_del_Curso2.pdf\" target=\"_blank\" rel=\"noreferrer noopener\">DESCARGA LOS HORARIOS<\/a><\/div>\n<\/div>\n<\/div><\/div>\n","protected":false},"excerpt":{"rendered":"","protected":false},"author":1,"featured_media":0,"parent":488,"menu_order":0,"comment_status":"closed","ping_status":"closed","template":"templates\/template-full-width.php","meta":[],"_links":{"self":[{"href":"http:\/\/app.rcastellanos.cdmx.gob.mx\/irc\/investigacion-posgrado\/wp-json\/wp\/v2\/pages\/495"}],"collection":[{"href":"http:\/\/app.rcastellanos.cdmx.gob.mx\/irc\/investigacion-posgrado\/wp-json\/wp\/v2\/pages"}],"about":[{"href":"http:\/\/app.rcastellanos.cdmx.gob.mx\/irc\/investigacion-posgrado\/wp-json\/wp\/v2\/types\/page"}],"author":[{"embeddable":true,"href":"http:\/\/app.rcastellanos.cdmx.gob.mx\/irc\/investigacion-posgrado\/wp-json\/wp\/v2\/users\/1"}],"replies":[{"embeddable":true,"href":"http:\/\/app.rcastellanos.cdmx.gob.mx\/irc\/investigacion-posgrado\/wp-json\/wp\/v2\/comments?post=495"}],"version-history":[{"count":12,"href":"http:\/\/app.rcastellanos.cdmx.gob.mx\/irc\/investigacion-posgrado\/wp-json\/wp\/v2\/pages\/495\/revisions"}],"predecessor-version":[{"id":890,"href":"http:\/\/app.rcastellanos.cdmx.gob.mx\/irc\/investigacion-posgrado\/wp-json\/wp\/v2\/pages\/495\/revisions\/890"}],"up":[{"embeddable":true,"href":"http:\/\/app.rcastellanos.cdmx.gob.mx\/irc\/investigacion-posgrado\/wp-json\/wp\/v2\/pages\/488"}],"wp:attachment":[{"href":"http:\/\/app.rcastellanos.cdmx.gob.mx\/irc\/investigacion-posgrado\/wp-json\/wp\/v2\/media?parent=495"}],"curies":[{"name":"wp","href":"https:\/\/api.w.org\/{rel}","templated":true}]}}