{"id":884,"date":"2021-09-02T01:50:35","date_gmt":"2021-09-02T01:50:35","guid":{"rendered":"http:\/\/app.rcastellanos.cdmx.gob.mx\/irc\/investigacion-posgrado\/?page_id=884"},"modified":"2021-09-02T18:41:31","modified_gmt":"2021-09-02T18:41:31","slug":"curso-intro-2021-2","status":"publish","type":"page","link":"http:\/\/app.rcastellanos.cdmx.gob.mx\/irc\/investigacion-posgrado\/extension\/curso-intro-2021-2\/","title":{"rendered":"Curso \u201cConceptos fundamentales de introducci\u00f3n al Posgrado\u201d 2021-2"},"content":{"rendered":"\n<div class=\"wp-block-group alignwide has-background\" style=\"background-color:#ffffff\"><div class=\"wp-block-group__inner-container\"><div class=\"breadcrumbs \" typeof=\"BreadcrumbList\" vocab=\"https:\/\/schema.org\/\"><span property=\"itemListElement\" typeof=\"ListItem\"><a property=\"item\" typeof=\"WebPage\" title=\"Go to Direcci\u00f3n de Investigaci\u00f3n y Posgrado.\" href=\"http:\/\/app.rcastellanos.cdmx.gob.mx\/irc\/investigacion-posgrado\" class=\"home\" ><span property=\"name\">Inicio<\/span><\/a><meta property=\"position\" content=\"1\"><\/span> &#047; <span property=\"itemListElement\" typeof=\"ListItem\"><a property=\"item\" typeof=\"WebPage\" title=\"Go to Comunicaci\u00f3n.\" href=\"http:\/\/app.rcastellanos.cdmx.gob.mx\/irc\/investigacion-posgrado\/comunicacion\/\" class=\"post post-page\" ><span property=\"name\">Comunicaci\u00f3n<\/span><\/a><meta property=\"position\" content=\"2\"><\/span> &#047; <span property=\"itemListElement\" typeof=\"ListItem\"><a property=\"item\" typeof=\"WebPage\" title=\"Go to Entradas.\" href=\"http:\/\/app.rcastellanos.cdmx.gob.mx\/irc\/investigacion-posgrado\/comunicacion\/publicaciones\/\" class=\"post-root post post-post\" aria-current=\"page\"><span property=\"name\">Entradas<\/span><\/a><meta property=\"position\" content=\"3\"><\/span><\/div>\n\n\n<!-- Curso introductorio 2021-2 -->\n  <div class=\"intro-2021-1\">\n    <p class=\"text-center\"><strong>25,26,27 y 28 de agosto 2021<\/strong><\/p>\n    <p class=\"text-center\"><strong>Total 28 horas<\/strong><\/p>\n\n    <div class=\"table-responsive\">\n      <table class=\"table table-striped\">\n        <thead>\n          <tr>\n            <th>Horario Propuesto<\/th>\n            <th>Tema<\/th>\n            <th>Tiempo total en horas<\/th>\n            <th>Impartido por<\/th>\n          <\/tr>\n        <\/thead>\n        <tbody>\n          <tr>\n            <td>Mi\u00e9rcoles 25 de agosto<br>17 horas<\/td>\n            <td>Bienvenida<\/td>\n            <td>1<\/td>\n            <td>Dra. Alma Herrera M\u00e1rquez<\/td>\n          <\/tr>\n          <tr>\n            <td>Mi\u00e9rcoles 25 de agosto<br>18 horas<\/td>\n            <td>Presentaci\u00f3n de la estructura curricular Maestr\u00edas y Doctorado<\/td>\n            <td>1<\/td>\n            <td>Dra. Ismene Itha\u00ed Bras Ruiz<\/td>\n          <\/tr>\n\n          <tr class=\"linea-divisoria\">\n            <td>Mi\u00e9rcoles 25 de agosto<br>19 horas<\/td>\n            <td>Tutor\u00eda en el Posgrado<\/td>\n            <td>1<\/td>\n            <td>Dra. Maricruz Moreno Zagal<\/td>\n          <\/tr>\n          <tr>\n            <td>Jueves 26 agosto<br>17 horas<\/td>\n            <td>Programa de Universidad Saludable<\/td>\n            <td>1<\/td>\n            <td>Dr. Jaime Eduardo P\u00e9rez Estrada<\/td>\n          <\/tr>\n\n          <tr>\n            <td>Jueves 26 de agosto<br>18 horas<\/td>\n            <td>Revisi\u00f3n y Aplicaci\u00f3n de nuevas Normas del Manual APA 7a. Edici\u00f3n + 5 horas a distancia<\/td>\n            <td>7<\/td>\n            <td>Mtra. Martina Ram\u00edrez Ch\u00e1vez<\/td>\n          <\/tr>\n          <tr class=\"linea-divisoria\">\n            <td>Jueves 26 agosto<br>19 horas<\/td>\n            <td>La importancia de la metodolog\u00eda de la investigaci\u00f3n en el Posgrado<\/td>\n            <td>1<\/td>\n            <td>Mtra. Erika Michelle Ordo\u00f1ez Lucero<\/td>\n          <\/tr>\n          <tr>\n            <td>Viernes 27 agosto<br>17 horas<\/td>\n            <td>Formas para la obtenci\u00f3n del grado<\/td>\n            <td>1<\/td>\n            <td>Dra. Roc\u00edo Lugui Sortibr\u00e1n Mart\u00ednez<\/td>\n          <\/tr>\n          <tr>\n            <td>Viernes 27 agosto<br>18 horas<\/td>\n            <td>\u201cEl plagio y sus implicaciones\u201d<\/td>\n            <td>1<\/td>\n            <td>Dr. David Mendoza Santill\u00e1n<\/td>\n          <\/tr>\n          <tr class=\"linea-divisoria\">\n            <td>Viernes 27 agosto<br>19 horas<\/td>\n            <td>Herramientas para la b\u00fasqueda, obtenci\u00f3n y manejo de informaci\u00f3n + 5 horas a distancia<\/td>\n            <td>7<\/td>\n            <td>Mtra. Denisse Morales Perea<\/td>\n          <\/tr>\n          <tr>\n            <td>S\u00e1bado 28 agosto<br>10-12 horas<\/td>\n            <td>Herramientas de Autogesti\u00f3n y Administraci\u00f3n del tiempo + 3 horas a distancia<\/td>\n            <td>5<\/td>\n            <td>Dra. Ismene Itha\u00ed Bras Ru\u00edz<\/td>\n          <\/tr>\n          <tr>\n            <td>S\u00e1bado 28 agosto<br>12-14 horas<\/td>\n            <td>Estructura de art\u00edculos para publicar en espa\u00f1ol y en ingl\u00e9s<\/td>\n            <td>2<\/td>\n            <td>Mtra. Guadalupe Trejo Gonz\u00e1lez<\/td>\n          <\/tr>\n        <\/tbody>\n      <\/table>\n    <\/div>\n  <\/div>\n\n\n\n<div class=\"wp-block-buttons is-content-justification-center\">\n<div class=\"wp-block-button is-style-fill\"><a class=\"wp-block-button__link\" href=\"http:\/\/app.rcastellanos.cdmx.gob.mx\/irc\/investigacion-posgrado\/wp-content\/uploads\/sites\/6\/2021\/09\/programa_intro_2021_2.pdf\" target=\"_blank\" rel=\"noreferrer noopener\">Descarga los horarios<\/a><\/div>\n<\/div>\n<\/div><\/div>\n","protected":false},"excerpt":{"rendered":"","protected":false},"author":1,"featured_media":0,"parent":488,"menu_order":0,"comment_status":"closed","ping_status":"closed","template":"templates\/template-full-width.php","meta":[],"_links":{"self":[{"href":"http:\/\/app.rcastellanos.cdmx.gob.mx\/irc\/investigacion-posgrado\/wp-json\/wp\/v2\/pages\/884"}],"collection":[{"href":"http:\/\/app.rcastellanos.cdmx.gob.mx\/irc\/investigacion-posgrado\/wp-json\/wp\/v2\/pages"}],"about":[{"href":"http:\/\/app.rcastellanos.cdmx.gob.mx\/irc\/investigacion-posgrado\/wp-json\/wp\/v2\/types\/page"}],"author":[{"embeddable":true,"href":"http:\/\/app.rcastellanos.cdmx.gob.mx\/irc\/investigacion-posgrado\/wp-json\/wp\/v2\/users\/1"}],"replies":[{"embeddable":true,"href":"http:\/\/app.rcastellanos.cdmx.gob.mx\/irc\/investigacion-posgrado\/wp-json\/wp\/v2\/comments?post=884"}],"version-history":[{"count":5,"href":"http:\/\/app.rcastellanos.cdmx.gob.mx\/irc\/investigacion-posgrado\/wp-json\/wp\/v2\/pages\/884\/revisions"}],"predecessor-version":[{"id":948,"href":"http:\/\/app.rcastellanos.cdmx.gob.mx\/irc\/investigacion-posgrado\/wp-json\/wp\/v2\/pages\/884\/revisions\/948"}],"up":[{"embeddable":true,"href":"http:\/\/app.rcastellanos.cdmx.gob.mx\/irc\/investigacion-posgrado\/wp-json\/wp\/v2\/pages\/488"}],"wp:attachment":[{"href":"http:\/\/app.rcastellanos.cdmx.gob.mx\/irc\/investigacion-posgrado\/wp-json\/wp\/v2\/media?parent=884"}],"curies":[{"name":"wp","href":"https:\/\/api.w.org\/{rel}","templated":true}]}}